{"id":1975,"date":"2022-12-06T12:06:42","date_gmt":"2022-12-06T12:06:42","guid":{"rendered":"http:\/\/115mgz.com.hr\/?page_id=1975"},"modified":"2022-12-07T15:06:32","modified_gmt":"2022-12-07T15:06:32","slug":"oizlozbi","status":"publish","type":"page","link":"http:\/\/115mgz.com.hr\/?page_id=1975","title":{"rendered":"O izlo\u017ebi"},"content":{"rendered":"\t\t<div data-elementor-type=\"wp-page\" data-elementor-id=\"1975\" class=\"elementor elementor-1975\">\n\t\t\t\t\t\t\t\t\t<section class=\"elementor-section elementor-top-section elementor-element elementor-element-81e2c1b elementor-section-height-min-height elementor-section-boxed elementor-section-height-default elementor-section-items-middle\" data-id=\"81e2c1b\" data-element_type=\"section\" data-settings=\"{&quot;background_background&quot;:&quot;classic&quot;}\">\n\t\t\t\t\t\t<div class=\"elementor-container elementor-column-gap-default\">\n\t\t\t\t\t<div class=\"elementor-column elementor-col-100 elementor-top-column elementor-element elementor-element-5df2c45\" data-id=\"5df2c45\" data-element_type=\"column\">\n\t\t\t<div class=\"elementor-widget-wrap\">\n\t\t\t\t\t\t\t\t\t<\/div>\n\t\t<\/div>\n\t\t\t\t\t\t\t<\/div>\n\t\t<\/section>\n\t\t\t\t<section class=\"elementor-section elementor-top-section elementor-element elementor-element-9119da5 elementor-section-boxed elementor-section-height-default elementor-section-height-default\" data-id=\"9119da5\" data-element_type=\"section\">\n\t\t\t\t\t\t<div class=\"elementor-container elementor-column-gap-default\">\n\t\t\t\t\t<div class=\"elementor-column elementor-col-100 elementor-top-column elementor-element elementor-element-0b91f96\" data-id=\"0b91f96\" data-element_type=\"column\">\n\t\t\t<div class=\"elementor-widget-wrap elementor-element-populated\">\n\t\t\t\t\t\t\t\t<div class=\"elementor-element elementor-element-5196002 elementor-widget elementor-widget-spacer\" data-id=\"5196002\" data-element_type=\"widget\" data-widget_type=\"spacer.default\">\n\t\t\t\t<div class=\"elementor-widget-container\">\n\t\t\t<style>\/*! elementor - v3.8.1 - 13-11-2022 *\/\n.elementor-column .elementor-spacer-inner{height:var(--spacer-size)}.e-con{--container-widget-width:100%}.e-con-inner>.elementor-widget-spacer,.e-con>.elementor-widget-spacer{width:var(--container-widget-width,var(--spacer-size));-ms-flex-item-align:stretch;align-self:stretch;-ms-flex-negative:0;flex-shrink:0}.e-con-inner>.elementor-widget-spacer>.elementor-widget-container,.e-con-inner>.elementor-widget-spacer>.elementor-widget-container>.elementor-spacer,.e-con>.elementor-widget-spacer>.elementor-widget-container,.e-con>.elementor-widget-spacer>.elementor-widget-container>.elementor-spacer{height:100%}.e-con-inner>.elementor-widget-spacer>.elementor-widget-container>.elementor-spacer>.elementor-spacer-inner,.e-con>.elementor-widget-spacer>.elementor-widget-container>.elementor-spacer>.elementor-spacer-inner{height:var(--container-widget-height,var(--spacer-size))}<\/style>\t\t<div class=\"elementor-spacer\">\n\t\t\t<div class=\"elementor-spacer-inner\"><\/div>\n\t\t<\/div>\n\t\t\t\t<\/div>\n\t\t\t\t<\/div>\n\t\t\t\t\t<\/div>\n\t\t<\/div>\n\t\t\t\t\t\t\t<\/div>\n\t\t<\/section>\n\t\t\t\t<section class=\"elementor-section elementor-top-section elementor-element elementor-element-77babaa elementor-section-boxed elementor-section-height-default elementor-section-height-default\" data-id=\"77babaa\" data-element_type=\"section\">\n\t\t\t\t\t\t<div class=\"elementor-container elementor-column-gap-default\">\n\t\t\t\t\t<div class=\"elementor-column elementor-col-100 elementor-top-column elementor-element elementor-element-ed82960\" data-id=\"ed82960\" data-element_type=\"column\">\n\t\t\t<div class=\"elementor-widget-wrap elementor-element-populated\">\n\t\t\t\t\t\t\t\t<section class=\"elementor-section elementor-inner-section elementor-element elementor-element-c77a278 elementor-section-full_width elementor-section-height-default elementor-section-height-default\" data-id=\"c77a278\" data-element_type=\"section\">\n\t\t\t\t\t\t<div class=\"elementor-container elementor-column-gap-default\">\n\t\t\t\t\t<div class=\"elementor-column elementor-col-100 elementor-inner-column elementor-element elementor-element-1b0ea06\" data-id=\"1b0ea06\" data-element_type=\"column\">\n\t\t\t<div class=\"elementor-widget-wrap elementor-element-populated\">\n\t\t\t\t\t\t\t\t<div class=\"elementor-element elementor-element-c61f7cb elementor-widget elementor-widget-heading\" data-id=\"c61f7cb\" data-element_type=\"widget\" data-widget_type=\"heading.default\">\n\t\t\t\t<div class=\"elementor-widget-container\">\n\t\t\t<style>\/*! elementor - v3.8.1 - 13-11-2022 *\/\n.elementor-heading-title{padding:0;margin:0;line-height:1}.elementor-widget-heading .elementor-heading-title[class*=elementor-size-]>a{color:inherit;font-size:inherit;line-height:inherit}.elementor-widget-heading .elementor-heading-title.elementor-size-small{font-size:15px}.elementor-widget-heading .elementor-heading-title.elementor-size-medium{font-size:19px}.elementor-widget-heading .elementor-heading-title.elementor-size-large{font-size:29px}.elementor-widget-heading .elementor-heading-title.elementor-size-xl{font-size:39px}.elementor-widget-heading .elementor-heading-title.elementor-size-xxl{font-size:59px}<\/style><h2 class=\"elementor-heading-title elementor-size-default\">115 IZDANJA \u2013 115 GODINA<\/h2>\t\t<\/div>\n\t\t\t\t<\/div>\n\t\t\t\t<div class=\"elementor-element elementor-element-a24ebb1 elementor-widget elementor-widget-text-editor\" data-id=\"a24ebb1\" data-element_type=\"widget\" data-widget_type=\"text-editor.default\">\n\t\t\t\t<div class=\"elementor-widget-container\">\n\t\t\t<style>\/*! elementor - v3.8.1 - 13-11-2022 *\/\n.elementor-widget-text-editor.elementor-drop-cap-view-stacked .elementor-drop-cap{background-color:#818a91;color:#fff}.elementor-widget-text-editor.elementor-drop-cap-view-framed .elementor-drop-cap{color:#818a91;border:3px solid;background-color:transparent}.elementor-widget-text-editor:not(.elementor-drop-cap-view-default) .elementor-drop-cap{margin-top:8px}.elementor-widget-text-editor:not(.elementor-drop-cap-view-default) .elementor-drop-cap-letter{width:1em;height:1em}.elementor-widget-text-editor .elementor-drop-cap{float:left;text-align:center;line-height:1;font-size:50px}.elementor-widget-text-editor .elementor-drop-cap-letter{display:inline-block}<\/style>\t\t\t\t<p>Virtualnom izlo\u017ebom naslovljenom <em>115 izdanja \u2013 115 godina<\/em> predstavljena je izdava\u010dka djelatnost Muzeja grada Zagreba od njenih najranijih po\u010detaka \u2013 obilje\u017eenih, prije svega, velikom voljom i entuzijazmom tada\u0161njeg ravnatelja Muzeja Gjure Szabe \u2013 do danas, kad se mo\u017ee re\u0107i da je produkcija muzejskih izdanja kvalitativno i kvantitativno na zavidnoj razini.<\/p><p>Godine 2022. Muzej slavi 115. obljetnicu svojeg postojanja, stoga je za tu priliku iz bogatog repertoara muzejskih izdanja izabrano i predstavljeno upravo njih 115. Predstavljena su prva izdanja \u2013 trinaest posebnih otisaka iz Edicije Muzeja grada Zagreba, zatim izdanja uz izlo\u017ebe \u2013 plakati, deplijani (letci) i katalozi te druga, posebna izdanja, kao \u0161to je prvi svezak zbornika <em>Iz starog i novog Zagreba<\/em> ili publikacije namijenjene djeci. Odabir predstavlja raznovrsnost muzejskog izdava\u0161tva koje ujedno oslikava i raznovrsnost muzejskih sadr\u017eaja ponu\u0111enih korisnicima tijekom godina. Tako se izlo\u017ebom predstavlja bogati fond muzejske knji\u017enice, odnosno Digitalna zbirka Knji\u017enice MGZ-a te fondovi Odjela dokumentacije Muzeja grada Zagreba.<\/p><p>Izlo\u017eba <em>115 izdanja \u2013 115 godina<\/em> tek je po\u010detak toga predstavljanja koje promovira \u201emuzejske izdava\u010dke proizvode\u201c \u2013 kao rezultate rada muzeja i njegovih djelatnika \u2013 posrednike u preno\u0161enju ideja, poruka i prije svega znanja.<\/p>\t\t\t\t\t\t<\/div>\n\t\t\t\t<\/div>\n\t\t\t\t\t<\/div>\n\t\t<\/div>\n\t\t\t\t\t\t\t<\/div>\n\t\t<\/section>\n\t\t\t\t\t<\/div>\n\t\t<\/div>\n\t\t\t\t\t\t\t<\/div>\n\t\t<\/section>\n\t\t\t\t\t\t\t<\/div>\n\t\t","protected":false},"excerpt":{"rendered":"<p>115 IZDANJA \u2013 115 GODINA Virtualnom izlo\u017ebom naslovljenom 115 izdanja \u2013 115 godina predstavljena je izdava\u010dka djelatnost Muzeja grada Zagreba od njenih najranijih po\u010detaka \u2013 obilje\u017eenih, prije svega, velikom voljom i entuzijazmom tada\u0161njeg ravnatelja Muzeja Gjure Szabe \u2013 do danas, kad se mo\u017ee re\u0107i da je produkcija muzejskih izdanja kvalitativno i kvantitativno na zavidnoj razini. &hellip;<\/p>\n<p class=\"read-more\"> <a class=\"\" href=\"http:\/\/115mgz.com.hr\/?page_id=1975\"> <span class=\"screen-reader-text\">O izlo\u017ebi<\/span> Read More &raquo;<\/a><\/p>\n","protected":false},"author":1,"featured_media":0,"parent":0,"menu_order":0,"comment_status":"closed","ping_status":"closed","template":"","meta":{"site-sidebar-layout":"no-sidebar","site-content-layout":"page-builder","ast-global-header-display":"","ast-main-header-display":"","ast-hfb-above-header-display":"","ast-hfb-below-header-display":"","ast-hfb-mobile-header-display":"","site-post-title":"disabled","ast-breadcrumbs-content":"","ast-featured-img":"disabled","footer-sml-layout":"","theme-transparent-header-meta":"enabled","adv-header-id-meta":"","stick-header-meta":"","header-above-stick-meta":"","header-main-stick-meta":"","header-below-stick-meta":""},"_links":{"self":[{"href":"http:\/\/115mgz.com.hr\/index.php?rest_route=\/wp\/v2\/pages\/1975"}],"collection":[{"href":"http:\/\/115mgz.com.hr\/index.php?rest_route=\/wp\/v2\/pages"}],"about":[{"href":"http:\/\/115mgz.com.hr\/index.php?rest_route=\/wp\/v2\/types\/page"}],"author":[{"embeddable":true,"href":"http:\/\/115mgz.com.hr\/index.php?rest_route=\/wp\/v2\/users\/1"}],"replies":[{"embeddable":true,"href":"http:\/\/115mgz.com.hr\/index.php?rest_route=%2Fwp%2Fv2%2Fcomments&post=1975"}],"version-history":[{"count":32,"href":"http:\/\/115mgz.com.hr\/index.php?rest_route=\/wp\/v2\/pages\/1975\/revisions"}],"predecessor-version":[{"id":2933,"href":"http:\/\/115mgz.com.hr\/index.php?rest_route=\/wp\/v2\/pages\/1975\/revisions\/2933"}],"wp:attachment":[{"href":"http:\/\/115mgz.com.hr\/index.php?rest_route=%2Fwp%2Fv2%2Fmedia&parent=1975"}],"curies":[{"name":"wp","href":"https:\/\/api.w.org\/{rel}","templated":true}]}}